 + -11 + 19 + (-1 + -1 - 22).
-19
Evaluate -15 - (8 + (-21 - -6)).
-8
Evaluate -18 - (24 + -77 - -12).
23
What is -2 + -3 - (-9 - (7 + -8 - 11))?
-8
What is the value of 8 + (-18 - -2) + 16?
8
Calculate -9 + (3 - 5) - (5 + 11 + -21).
-6
Evaluate 19 + 3 + (-27 - -12) + 9.
16
What is the value of 19 - (4 - 1) - (-43 + 48)?
11
Calculate (4 - 0) + -2 - (115 - 105) - 0.
-8
What is the value of 5 + -1 + (7 - (-2 + 11) - 2)?
0
Calculate 190 - 152 - (29 - -2).
7
What is the value of (-4 - -14 - 12 - -5) + (2 - 23)?
-18
Evaluate 5 - (26 - 19 - (21 - 4)).
15
What is -16 + 14 + -8 - -16?
6
Evaluate (78 - (-32 + 155)) + (0 - -13).
-32
Calculate (11 + -9 - -15) + -7.
10
What is -3 - -1 - -10 - (6 - 6 - -3)?
5
Evaluate (-1 - 1) + -1 - (26 - (80 - 24)).
27
Evaluate -43 + 21 - -5 - (0 + -3 - -5).
-19
-7 + -1 + -11 + 24 + -4 + 32
33
What is the value of 6 + -4 + 0 + 6 + (-2 - 0)?
6
Evaluate -849 + 850 - (9 - -1 - (4 + -2)).
-7
Evaluate -1 + (1 - 2 - (35 + -30) - -16).
9
24 - -4 - (-5 - -2)
31
Calculate -216 - -204 - (0 - 1).
-11
What is the value of 11 + (6 + (-2 - 7) - 0) + 4?
12
Calculate -10 + 16 + -2 + 8 + -6.
6
What is 4 + -15 - (-1 + (-7 - -6))?
-9
What is -40 - (3 + -26 + -2)?
-15
What is (-250 - -243) + (-2 - -37)?
28
4 - (7 + (2 - 1))
-4
Evaluate -9 - (9 - (2 - -2)) - -7.
-7
What is 8 + (-29 - -14) + 14?
7
What is the value of -388 + 395 + 1 + -26?
-18
Calculate -35 + 3 + -2 + (105 - 97).
-26
Calculate -20 + 21 + (-3 - 1) + -3.
-6
Calculate -31 - -18 - (-14 + 4) - -36.
33
What is the value of (1 - -6) + -8 - (4 - 1)?
-4
Evaluate 1 + -1 + ((1 - -9) + -16 - -11).
5
Calculate -11 - (-7 - 4) - ((-6 - 0) + 0).
6
What is the value of -15 + 33 + (-1 - ((0 - 2) + -6))?
25
38 + -33 + 9 + -12 + -1
1
Evaluate -4 + (13 - (6 + 13)).
-10
What is -3 + (33 - 21) + -13 + 1?
-3
What is 35 + -52 + (15 - -1)?
-1
What is the value of -5 - -9 - 0 - (7 + -16)?
13
What is -47 + (0 - -34) + 22?
9
What is (38 + -62 - 8) + 31?
-1
58 - 73 - (4 - (1 - -13))
-5
What is the value of -7 + (21 - 17) + 14?
11
What is -2 + -5 + 0 + -7 + 4 + -12?
-22
What is the value of (16 + -12 + 10 - 14) + -18?
-18
Evaluate 7 + 15 - (1 - 0 - (0 - 6)).
15
What is the value of -25 + 7 + 16 - (11 + -3)?
-10
12 + -4 + (5 - (6 + -6)) - 7
6
What is 19 + -4 + (-24 - -10 - -18)?
19
Evaluate (-3 - 13) + 1 + -10 + 97 + -88.
-16
What is the value of (22 - (-16 - -45)) + -27?
-34
What is the value of -8 + (-4 + -1 - 3) - (14 + -4)?
-26
What is (4 - -9) + (-8 + 0 - 1)?
4
Calculate -14 + (25 - 7 - 17) + -12.
-25
What is 1762 - 1763 - (0 + 4 - 0)?
-5
-4 + 3 + -8 + 0 + 14
5
Evaluate (-7 + 0 - -10) + 2 + 4 - -5.
14
What is the value of (-18 - (13 + -26)) + (6 - (10 + -4))?
-5
What is 12 + (-1 - 7 - (14 - 13 - 10))?
13
23 - ((2 - -2) + (8 - 2))
13
What is (218 - 204) + (-4 - -2)?
12
Calculate -11 + 6 + 3 + (2 - 9) + -1.
-10
What is -62 - (-43 - -22) - -45?
4
Calculate (-18 - (-17 - 7) - (1 - -2)) + 7.
10
Evaluate -7 + -6 - (-31 - -16).
2
What is the value of -18 + (41 - 1) + (-2 - (-1 + 7))?
14
Calculate (14 - 7) + -11 + (-5 + 3 - 3).
-9
Calculate -19 - (-29 - -12) - (0 - -11).
-13
Calculate 0 + (-14 + 7 - -20) + 7 + -3.
17
Calculate 2 - -4 - (-30 + 25).
11
Evaluate -1 - 32 - (240 - 255 - (-1 + -9)).
-28
What is the value of (84 - 68) + 3 + -5?
14
What is the value of -11 - (0 - 6) - -9 - (0 - 6)?
10
-75 + 24 + (-24 - -41)
-34
Calculate (1 + 0 - (-7 - -5)) + -3 + 2.
2
Calculate -20 - -54 - 37 - 26.
-29
What is 32 + (-80 - -40) - 13?
-21
What is the value of (-1 - (-2 - -1)) + 4 + -17 + 15?
2
What is the value of (6 - (3 + 9)) + (117 - 83)?
28
What is 0 + -10 - -1 - (-15 - 1)?
7
Evaluate 0 + 16 + -4 - (13 + 0).
-1
(5 - 4) + -7 - (-6 - 0)
0
20 + -8 + 2 - 2
12
Calculate (-6 - (5 + -14)) + (1 - (-2 - -5)).
1
Calculate (-3 - 4) + (47 - 23) + 0.
17
What is the value of 27 + (4 - 14 - 4) - 36?
-23
Evaluate 1 - (-16 + 0 + 2 - (-35 + 27)).
7
Calculate (7 + 10 + -6 - 3 - 0) + 0.
8
Calculate -7 - 2 - (-26 + 2 + -11).
26
What is the value of (9 - (6 + 0)) + 3 + (-41 - -29)?
-6
What is the value of -6 - (-9 + (1 + -1 - 3 - 0))?
6
What is 6 + -17 + 11 + -4?
-4
-1 + 4 + 0 + 10
13
Evaluate 0 + -1 + 1 + 1050 + -1056.
-6
Evaluate (-10 + (21 - (-4 - -11)) - -4) + -4.
4
What is (3 - -7 - (-4 - (-7 - 14))) + 13?
6
What is the value of (-26 - (1 - 4)) + (-36 - -47)?
-12
Calculate (17 - -8 - 9) + 12.
28
0 + 1 - (-40 + 11 - -13) - -3
20
(-3 - -7) + 19 + 34 + -45
12
Evaluate -7 + (0 - 9) + (2 - -9).
-5
Calculate 12 - (7 + (-14 - (5 - 1))).
23
Calculate 7 + (25 - 16 - 14).
2
What is -3 - (-17 + 33 + -11)?
-8
Evaluate 25 + (2 + -37 - -10).
0
What is (-4 + 1 - 4) + 9 + -23 + 14?
-7
What is (-32 - 31 - -31) + (13 - -3)?
-16
4 + (-9 - -1) - (-22 + (1 - 1))
18
What is the value of 16 + -29 + 6 + -8 + 13?
-2
What is the value of (0 - -25) + -2 + 72 + -68?
27
Calculate 31 - 1 - (-2033 - -2027).
36
8 + (-12 - (5 + -20))
11
What is the value of (-12 - (-18 + 6) - 4) + -1?
-5
What is the value of -2 - (1 - 10 - -2 - -8)?
-3
Evaluate -5 - (-3 + (4 - (3 + 0)) + 5).
-8
What is the value of -6 + 16 + -9 + (4 - -6)?
11
Evaluate (1 + -9 - (-98 - -85)) + -5 + -1.
-1
What is the value of -1 + (3 - (-9 - (-8 + -9 + 1)))?
-5
What is the value of -27 - (-35 + 6 + -19)?
21
What is (-4 - (7 + -4)) + 19 + (2 - 4)?
10
(-5 - -1) + -26 - (18 + -21)
-27
Calculate 0 + -8 - ((52 - 66) + -1 + 2).
5
Evaluate 0 - (3 + -2 + 1 - (5 - 11)).
-8
What is the value of -17 + 36 + (-1 - (6 + (-6 - 4)))?
22
What is the value of -12 - ((-8 - -15) + (-14 - -7))?
-12
(8 - 1 - (-23 - -24)) + (-8 - -22)
20
Evaluate (-8 + 13 - 8) + 0 + (7 - -15).
19
What is the value of 1 - 5 - -1 - (43 + 24 + -76)?
6
Calculate (-2 - (-6 + 7) - (0 - 10)) + -2.
5
Calculate 17 + -23 + (3 - 3) - -5 - -15.
14
Calculate -2 - ((4 - -7) + -5 + -4) - 26.
-30
Evaluate (-25 - -1) + 25 - 25.
-24
What is the value of -9 + (-16 - (45 - 49))?
-21
11 + (1 - (-7 + 11))
8
What is the value of 10 - (-6 + (-13 - (11 + -43)))?
-3
Calculate 61 + -22 + 15 + -20.
34
Calculate (24 + -11 - 33) + 16.
-4
Calculate 10 + 1 + (-30 - -39 - 9).
11
-7 - (-9 - ((-9 - 5) + 8))
-4
Calculate (9 - 13 - -20) + -20 + 14.
10
Calculate -194 + 184 - (0 + 1 - 11) - 0.
0
What is the value of -8 + 3 - (-8 - (1 + 1)) - -24?
29
What is the value of (-9 - (5 + -3 - 4)) + -5?
-12
Calculate 2 - ((15 - (-2 + 8) - 0) + -11).
4
Calculate 13 + -11 + 16 + -5.
13
What is the value of 40 + (2 - 2 - (3 + (-2 - -8)))?
31
(8 + (9 - 8) - 3) + -14 + -2
-10
What is (2 - 20) + 10 - (-12 + -3)?
7
9 + -9 + (15 - 13)
2
What is (0 - (3 + 2)) + -122 + 126?
-1
What is 10 - (-10 + -15 + 17)?
18
What is the value of 3 + -10 + 1 + 5 + -10?
-11
Evaluate (22 - -1) + -9 - (-5 - -14).
5
What is (0 - -9) + (971 - 1005)?
-25
Evaluate -29 + 20 + 28 - 29.
-10
Evaluate 92 + -81 - (17 - -1 - (21 + -20)).
-6
What is -7 - (-1 - 8 - -11) - -5?
-4
What is the value of (19 + -18 - (1 + 3 + 5)) + -6?
-14
Evaluate -8 + 3 + -13 + 7 + 10.
-1
Evaluate 5 + -4 + (-2 - (-2 + 2)) + 9.
8
Evaluate 28 - 27 - -14 - (1 + 3).
11
Evaluate 15 + (0 - 7 - (4 + 0)) + 6.
10
Calculate (25 - 25) + -3 + (1 - 0).
-2
Calculate 12 + -8 + (-6 - (-11 + -17)).
26
What is the value of (2 - 2) + 17 + (-4 - -7)?
20
What is the value of -2 + (45 - 30 - (0 - 2))?
15
What is -3 - -1 - (-14 + 8) - 12 - -3?
-5
-3 - (-2 + -23 + 10 + 11)
1
Calculate 2 - (-7 + 8 + -2) - 4.
-1
-23 + 19 + (-12 - -6) + 42
32
What is 27 + (-24 - 6) + 5?
2
Calculate -9 + -59 + 17 + 25.
-26
Evaluate 276 + -294 + (9 - -1).
-8
Evaluate 11 - (10 - (12 + 8) - -18).
3
Calculate -48 + (42 - 13) + 13.
-6
1 - (22 - 35 - (-8 - 2))
4
Calculate -4 - ((-66 - -55) + -1 + 19).
-11
What is (12 - (2 - 1)) + -3 - (13 + -14)?
9
Calculate 15 - ((-9 - 4) + 27).
1
Evaluate -12 + 1 + (0 + 10 - 4 - 1).
-6
What is the value of 8 - ((13 - 17) + 9)?
3
Calculate 4 + (18 - 0) + -12.
10
Calculate 2 + 1 + (4 - 10) + 10.
7
Evaluate -16 - (-5 + 0 + 4 + (77 - 74)).
-18
-2 - (-7 - 11 - -14)
2
Evaluate 8 - (9 + 9 + -3).
-7
What is the value of 2 + -3 - (-1 - 4)?
4
What is 8 - 0 - (14 - 8) - (0 + 0)?
2
Evaluate (-1 - 0) + -2 - (4 + (-35 - -27)).
1
Evaluate 2 + -5 - (-2 + (-8 - -1)).
6
Evaluate 16 - (23 - (-5 + 5)).
-7
What is (1 - 12) + 6 + -3 - -6 - 11?
-13
What is the value of (-6 - -2) + (1 - (-12 + 5 - -7))?
-3
Calculate 1 + -19 + -267 + 265 + 4.
-16
(16 - 21) + (17 - (2 - (4 + -3)))